t f(i) = -i**3 - i**2 + 5*i - 1. Let p(o) = 2*f(o) - m(o). Is p(s) composite?
False
Let u(n) = -558*n**3 + 4*n**2 - 6*n - 63. Is u(-8) a prime number?
True
Let c = 104670 - 31712. Is c a composite number?
True
Let n = 798284 - -11407. Is n composite?
True
Let a be (63 - 68)*1/((-1)/6). Let g(h) = 5*h**2 + h + 149. Is g(a) composite?
False
Suppose 4*t + 141809 = 6*t + w, 5*w - 212724 = -3*t. Suppose -z + 2*r = -14, -8*z + 2*r + 2 = -9*z. Suppose t = z*g + g. Is g a composite number?
True
Suppose 421*h - 426*h = -17655. Is (-26)/(-3)*h/22 a prime number?
False
Suppose 385*w - 399*w + 18141746 = 0. Is w prime?
True
Let x(y) = y - 1. Let f(p) = -p**2 + 5*p + 3. Let l be f(6). Let w be x(l). Is (-2215)/w - 5/(120/18) a composite number?
True
Is 3 - (5 - -12) - -604767 a prime number?
True
Let j(b) = -73974*b + 113. Is j(-2) a prime number?
True
Let l(q) = -16472*q - 809. Is l(-6) composite?
True
Let p(z) = 2*z**2 - 2*z - 13. Let x be p(5). Suppose -865 + 22708 = x*b. Is b a composite number?
False
Let z(k) = -k**2 - 9*k - 16. Let o be z(-4). Suppose -638 = -q + m, -m - 1267 = -2*q + o*m. Is q prime?
True
Let f = 2330 - -1154. Is (f/(-6))/(28/(-42)) a composite number?
True
Suppose -27481218 + 86889853 = 143*b. Is b a composite number?
True
Let k(i) = 24735*i**2 + 146*i + 293. Is k(-2) composite?
True
Let k(j) = -j**3 + 2*j**2 + 26*j - 15. Let z be k(6). Is 5983400/300*z/(-2) a prime number?
True
Let v(h) = 16*h**2 + 35*h + 5. Suppose -46*x = -45*x + 6. Is v(x) prime?
False
Let w(x) = 804770*x**2 - 66*x - 67. Is w(-1) a composite number?
True
Suppose 3*z + 2*g + 386940 = 7*z, -3*z - 5*g + 290153 = 0. Is z prime?
True
Let k = -262 + 237. Let f(c) = -392*c + 231. Is f(k) a prime number?
False
Suppose -2*f + 1010*p + 142205 = 1009*p, -71095 = -f - 2*p. Is f a prime number?
False
Let z(h) = -5*h**3 - 5*h**2 + 6*h + 15. Let n be z(-12). Let p = -4940 + n. Is p prime?
False
Let w = -41654 + 78393. Is w a prime number?
True
Suppose 5*k = v + 17810, -3*k + v + 10698 = -2*v. Suppose -k - 14733 = -6*r. Is r prime?
True
Let p(b) = b**3 + 7*b**2 + 9*b - 1. Let d be p(-2). Is d/(152315/25385 + -6) composite?
False
Let g(j) = -72*j**3 + j**2 - 169*j - 193. Is g(-34) prime?
True
Let f(y) = -12*y + 4. Let r be f(0). Suppose -15*x - r*s + 24199 = -14*x, -72597 = -3*x - 5*s. Is x composite?
True
Suppose -1467964 = -20*z + 2294176. Is z prime?
True
Let t be 2 + 0 + -4 - 35564/4. Let w = 20796 + t. Is w a prime number?
True
Let t = 346566 - 119992. Is t a composite number?
True
Let j be ((-10)/4)/((-5)/30). Let m = -450 - -447. Is (57/9 + -3)*j + m a composite number?
False
Suppose -3*v + 3*y = -8*v - 9, 5*v + 5*y = -15. Suppose v = -5*k - 4*t + 123929, -k + 3*t = 8*t - 24790. Is k a prime number?
False
Suppose -5189*x + 5210*x - 898611 = 0. Is x a prime number?
False
Let k(t) = 188*t**2 - 144*t - 2743. Is k(81) a prime number?
True
Let l(d) = -7398*d**3 + 3*d**2 - 133*d - 271. Is l(-2) a composite number?
True
Suppose -2*n + 16 = 3*p, 5*n - 4*p - 30 = 10. Let k(g) = 5*g**2 + 6*g - 22. Let w be k(n). Let s = 765 - w. Is s composite?
False
Let n = 18103 - 9347. Suppose n - 299 = 3*j. Is j composite?
False
Suppose 18*f = 16*f. Suppose 3*t = -f*t - 12. Is ((-6)/t)/((-1)/(-422)) a composite number?
True
Suppose -5*z + 19 = -4*u + u, 3 = -u + z. Let i(w) = 0 + 25 + 3*w**3 - 14*w - 2*w**3 - 11*w**2 + 4*w**u. Is i(10) prime?
False
Let a be (-2)/2 - 290/10. Let l be 6*(-2)/a - 632/(-20). Is 5410*1/5*80/l a composite number?
True
Let a = -33 + 51. Let p be -2*(-37945)/(-90) + 4/a. Let j = -461 - p. Is j prime?
False
Let b = 873384 - 519637. Is b composite?
False
Suppose -2848*z + 497433 - 1896769 = -2856*z. Is z a prime number?
True
Let g be 2/10 + 33/(-15) + -169. Let u = -44 - g. Is u composite?
False
Let p be -1 + (-14)/(-4)*-2. Let n be (-2374)/p - 4/(-16). Suppose 201 = h - 5*o - 81, -h + n = -2*o. Is h a composite number?
False
Suppose -u = -3*k - 4*u + 75849, -5*k + 126403 = -u. Suppose -8*w = -21431 - k. Is w a composite number?
False
Let x = -80 - -108. Let l = x - 30. Let c(s) = -795*s + 7. Is c(l) a composite number?
False
Let z(h) = -h**3 - 13*h**2 - 3*h + 45739. Is z(0) prime?
False
Let h(r) = r - 7. Let w be h(9). Let u be (-3589)/(-3) + 0 + (-42)/126. Suppose -w*c = u - 4714. Is c a composite number?
False
Let y(z) be the second derivative of 632*z**3/3 - 21*z**2/2 - 4*z - 2. Is y(1) a composite number?
True
Suppose -4*z - s = -2, -4*s + 8*s = -3*z + 8. Suppose z = -3*c - 4*h + 21641, 2*c = -6*h + 3*h + 14429. Is c composite?
False
Let l(c) = 60*c**3 + 2 + 0 - 9 + 13*c**2 - 81*c**3 + 2*c. Is l(-6) composite?
True
Is 1/8 + 226535/8 a prime number?
False
Let h(o) = -6*o - 81. Let y be h(-30). Let d = y - 271. Let g = 363 + d. Is g composite?
False
Is (-16 + 14)*10159*13/(-2) a prime number?
False
Let y(i) = 4*i**2 - 13*i - 128. Let s(o) = 12*o**2 - 39*o - 383. Let t(x) = 4*s(x) - 11*y(x). Is t(-37) a composite number?
True
Let z be 6/(-7)*(-326718)/27. Let j = z + 937. Is j composite?
True
Let a(c) = c + 7. Let v be a(6). Let y be -1 + v/((-39)/198). Is 2/((-202)/y - 3) composite?
True
Suppose -5*v = -4*v - o - 20, 0 = o. Let l be 21586/8 - 5/v. Let s = 4215 - l. Is s a composite number?
True
Suppose 21*g + 39*g = 82*g - 3481346. Is g composite?
False
Let u(b) = -b**2 + 4*b - 26. Suppose 0*w + 12 = -2*w. Let a be u(w). Let z = -35 - a. Is z composite?
True
Suppose 0*g + 270 = 5*g. Let d = 3708 - 3705. Suppose d*r = g + 9. Is r a composite number?
True
Suppose 31*t - 9582315 = -67*t - 25*t. Is t prime?
False
Suppose 3*p = 2*a - 6, -2*p = 4*a - 6*p - 12. Suppose q + 2*s = 6*q - 2608, a*q - 1570 = -4*s. Suppose -15*x + 6*x = -q. Is x a composite number?
True
Let a(k) be the first derivative of -55*k**2 + 81*k - 115. Is a(-26) composite?
True
Suppose 8 = 10*j - 22. Let u(y) = 6*y**2 + 10 - 11 + 2*y + 22*y**j - 6*y**2. Is u(2) a prime number?
True
Let r(h) = -6*h**3 - 20*h**2 + 18*h + 67. Is r(-11) prime?
False
Let m be 275/50 - (6/4 + -1). Suppose -3*o = 2*p - 67385, p - 6655 = m*o - 118959. Is o a prime number?
False
Let i = -6202 - -11776. Suppose i = 4*q + 2*t - 0*t, 2*q - 2807 = -5*t. Is q composite?
True
Let u be (6/(-3) - 0)*42/(-28). Is (-4918)/u*((-162)/12)/9 a composite number?
False
Is 2/(-138)*-3 + 1728930/69 composite?
False
Suppose -76 = -7*n - 20. Suppose -3*h = 5*h - n. Is (-3 - -25)*h*51/6 prime?
False
Let u = 4084 + -246. Suppose -4*j - 2*k + 0*k + u = 0, -1917 = -2*j + k. Is j a composite number?
True
Let n(v) = 467*v - 314. Is n(3) a composite number?
False
Let c = -36 - -35. Let o be (14/35)/(c/(-15)). Suppose 13504 = o*t + 82. Is t a composite number?
False
Let f(a) = 2*a**2 - a - 2. Let c be f(2). Suppose -3*y - 7 = -c*y. Let x(u) = 2*u**2 - 8*u + 5. Is x(y) a composite number?
False
Let y = -2118 - -3901. Let f = y + 4638. Is f a composite number?
False
Let f = 80 - 60. Suppose 2*c - 3*c = -l, 5*c = -5*l - f. Is (4 + c)/(-2) - -1980 a prime number?
True
Suppose 3*l + 22*v = 23*v + 58988, 4*l - 78649 = v. Is l a composite number?
False
Let x = 143 - 61. Let k be x/8 + (-1)/4. Is 110/3*15/k a composite number?
True
Suppose -1070202 - 672224 = -3*t - 11*t. Is t a prime number?
True
Let y(m) = -7916*m + 103. Is y(-11) a composite number?
False
Let m(v) = 5*v - 35. Let p be m(9). Let o(z) = 2*z**3 - 10*z**2 - 18*z + 31. Is o(p) prime?
False
Is ((-807254)/28)/(-23)*2 composite?
True
Suppose -36*g + 6 = -34*g, -2*x + 4*g = -1380. Suppose -5*a + 16*j + 879 = 18*j, -4*a - 4*j + x = 0. Is a a prime number?
False
Let w(f) = 12*f**2 - 13*f + 10. Suppose 3*n = 7*n - 20. Let d be w(n). Let y = 428 - d. Is y composite?
True
Suppose 63196 + 302204 = 15*m. Suppose -4*i + 1907 = -5*s + m, -5*i = s - 4479. Is s a prime number?
False
Let j be (-4 + 6)/((-3)/12). Let v be (-2 - 22/j)*-16. Let t(u) = -u**3 - 9*u**2 + 10*u - 5. Is t(v) a composite number?
False
Is (-72)/27 + 2620850/30 prime?
True
Let c(n) = -1547*n + 1916. Is c(-21) a prime number?
True
Let s = 11 - -1. Let z be ((3 - 2) + 715)*9/s. Suppose 0*k = 3*k - z. Is k composite?
False
Let b(p) = -p**3 + 21*p**2 + 10*p - 12. Let v be b(10). Suppose -y = -v + 342. Is -4 + y/(2 - 0) a prime number?
True
Let x(l) = -1054*l**2 + 7*l + 18. Let v be x(-3). Let s = -3742 - v. Is s composite?
True
Let b be (1 - 1